 x?
2
Let u(n) = -2*n - 13. Let g(b) = 1. Let c(m) = 3*g(m) + u(m). Let a be c(-5). Let j = 31 + a. What is the units digit of j?
1
Let l = -3690 + 7079. What is the units digit of l?
9
Suppose 832 + 1648 = -10*s. Let f = -120 - s. What is the units digit of f?
8
Let m(d) = -d**2 - 2*d + 17. Let r be m(0). Suppose -328 = -r*z + 13*z. What is the tens digit of z?
8
Let c(b) = 2*b**3 + 3*b**2 + 2*b + 1. Let r be c(-1). Suppose 0 = 4*z - r*z - 448. What is the units digit of z?
2
Let w be -3*(4 - 3)*1. What is the units digit of w + (-2 - (3 - 20))?
2
Suppose 49*q = 44*q + 2255. What is the tens digit of q?
5
Suppose 3*g - 5*q - 24 = 0, 2*g + 3 = -g - 4*q. Suppose g*u - 457 = -103. What is the units digit of u?
8
Suppose v + 2*v = -v. Suppose -2*l + 3*p + 446 = 0, 0*p + 5*p - 20 = v. What is the tens digit of l?
2
Suppose -4*d + 7*d = -2*l + 4291, 4*l + 2866 = 2*d. What is the units digit of d?
1
Suppose -393*p + 399*p = 15120. What is the units digit of p?
0
Suppose 2*x - 1 = x. Let c be x - (-4 - -9)/(-5). What is the units digit of 1600/88 - c/11?
8
Let s(l) = -761*l + 348. What is the thousands digit of s(-6)?
4
Suppose 4*k = -20, 2*d - k = -0*d + 635. Suppose 0 = -9*s + 1080 + d. What is the hundreds digit of s?
1
Let t = 4375 - -1607. What is the thousands digit of t?
5
Suppose -6 = -j + 11. Let i = j - 9. Suppose 0 = -4*a + i*a - 16. What is the units digit of a?
4
Let f = 8316 - 4585. What is the thousands digit of f?
3
Let a = -64 + 639. What is the units digit of a?
5
Let f(k) be the first derivative of 1/3*k**3 + 6 + 7/2*k**2 + 2*k. What is the units digit of f(-10)?
2
Suppose -18*j + 3678 = -1290. What is the hundreds digit of j?
2
Suppose -9*v = -5960 - 6199. What is the tens digit of v?
5
Let m be ((-11)/4)/((21/(-72))/7). Let y = 2 + 3. Suppose -2*d + m = y*i - 50, 0 = 3*d - 9. What is the units digit of i?
2
Suppose 0 = -4*p + 3*r + 67, 4 + 8 = -p - 5*r. Let o(g) = 10*g - p*g + 1 - 13. What is the units digit of o(-8)?
2
Let s = 3423 - 1081. What is the tens digit of s?
4
Suppose 11*h + 4676 = b + 9*h, -3*h = -3*b + 14013. What is the thousands digit of b?
4
Suppose w = 2*r - 1, 0 = -3*w - 4*r + 17. Let v = 5 - w. Suppose -g + 3*b = 0, 3*g + v*g - 26 = 2*b. What is the units digit of g?
6
Suppose -5*y + 4*b - 25 = 0, y + 2*b + 4 = -15. Let m = y + 14. Suppose 40 = 5*j - 5*q, 5*j - 3*j = m*q + 4. What is the tens digit of j?
1
Let u(w) = 33*w + 1. Let k(i) = i**2 - 13*i + 14. Let m be k(12). Let l be u(m). Suppose 5*q - l = 33. What is the tens digit of q?
2
Suppose 0 = -4*w - 4*d + 2076, 0 = -5*w + 6*d - 3*d + 2619. What is the hundreds digit of w?
5
Suppose -17225 = -39*d + 10504. What is the hundreds digit of d?
7
Suppose 4*s - w - 4*w = 2176, -w = -4*s + 2176. What is the units digit of s?
4
Let c(t) = 2*t**2 + 12*t - 4. Let o be c(-6). What is the tens digit of 7 + -3 + o + 27?
2
Suppose 1595 = 5*m - 0*m. What is the hundreds digit of m?
3
Let g be -3 + (-4)/((-4)/3). Suppose f + 5 = 0, g*s = 2*s + 4*f. Let p(l) = 2*l + 2. What is the tens digit of p(s)?
2
Suppose -3*k - k + 5086 = -5*m, -m = 4*k - 5074. What is the units digit of k?
9
What is the hundreds digit of (-2)/13 - 5787/(-13)?
4
Let q(t) = 2*t**2 + 16*t - 10. Let z be q(-13). Suppose -z = 6*u - 1092. What is the tens digit of u?
6
Let s(m) = -80*m - 131. What is the tens digit of s(-7)?
2
Suppose -2*m = 4*m - 54. Suppose -80 = -m*n + 5*n. What is the units digit of n?
0
Let x = -789 - -1734. What is the units digit of x?
5
Let b = -10 + 9. Let s(f) = -9*f + 1. Let w be s(b). Let r = w + -6. What is the units digit of r?
4
Let b(d) = 3*d**3 - 2*d**2 + 4*d - 3. Let z be b(2). Let r = 10 + -11. What is the units digit of (1 + z)/(0 - r)?
2
Let i = -25 - -5. Let w = i - -16. What is the tens digit of (2/(-3))/(w/174)?
2
What is the hundreds digit of (3 - -2*101) + 14/14?
2
Let w(p) = -2*p - 4. Let n be w(-3). Let y be (n/5)/((-4)/(-320)). Suppose 2*h = -2*h + y. What is the units digit of h?
8
Suppose -n - 278 = w - 1097, 4*w + 4050 = 5*n. What is the units digit of n?
4
Let m be (-30)/26 + 12/78. Let u be 1/(0 + m + 2). What is the units digit of (-23)/((-2 - -1)/u)?
3
Suppose -16 = -4*b + 4*h, -5*b - 2*h - 7 = 2*h. Suppose 5*j + 15 = v, j + b + 1 = 0. Suppose -v*u = -0*u - 235. What is the tens digit of u?
4
Let s(z) = z**3 - 5*z**2 - 6*z + 6. Let o be s(5). Let g = o - -62. Suppose j - 3*j + g = 0. What is the tens digit of j?
1
What is the thousands digit of 20/(-30) + (4 - 23564/(-12))?
1
Suppose -13*m + 4*m = 531. Let v = -81 - -174. Let w = v + m. What is the tens digit of w?
3
Let u(d) = d**3 - 6*d**2 - 13*d - 7. What is the tens digit of u(10)?
6
Let i(s) = 11*s + 2*s - 3 - 5 + 3*s**2. Let f(u) = 2*u. Let q be f(-3). What is the tens digit of i(q)?
2
Let v(g) = g**3 - 19*g**2 - 2*g + 216. What is the tens digit of v(22)?
2
Let d = -27 + 41. Let z be 26/(-7) - 4/d. What is the tens digit of ((-74)/z)/(11/22)?
3
Let f = -104 + 44. What is the units digit of (0 - f/9)*(-30)/(-4)?
0
Suppose l - 5*j - 30 = 0, -l - 4*j - 18 = -3. Suppose -4*v + l*t = -54, -4*v + 6*t - 2*t + 52 = 0. What is the units digit of v?
1
Let w(d) = 4*d - 8. Let m = -4 + 9. Let u be w(m). Suppose 3*g = v, g - u = -5*v + 36. What is the units digit of v?
9
Let z be (9/12)/(3/8). Suppose 0 = -3*c + z*c + 27. What is the tens digit of c?
2
Suppose -h = 4*h - p - 2366, -4*h - 5*p + 1887 = 0. What is the units digit of h?
3
Let u be 73/2 + 1/(-2). Suppose -3*x = 5*s - 316, 4*x - 3*x + 246 = 4*s. Let j = s - u. What is the tens digit of j?
2
What is the units digit of (12 + 23)/(1/3)?
5
Suppose 2*p - 2*d - 3*d - 11 = 0, 5*d = -4*p + 37. Suppose q = -p + 137. What is the units digit of q?
9
Suppose 2*j - 363 = 3*o, 5*j - 873 = 3*o - 7*o. What is the tens digit of j?
7
Suppose 0 = 5*i - 4*q - 13362, -7 - 8 = 5*q. What is the units digit of i?
0
Suppose 5*s + 2 = 4*s. Let t be 4*s/2 + -11. Let z = t - -29. What is the units digit of z?
4
Suppose 2*g - 19 - 1 = 0. Suppose -4*w = -2*w - g. Suppose w*f - 14 = 1. What is the units digit of f?
3
Suppose 5*f + 24 - 1589 = 0. Suppose c = 5*u - f, 0*u + 3*u = 3*c + 183. What is the tens digit of u?
6
Let q = 44 - 23. Let i = q - 19. Suppose -172 = -4*g + h + i*h, 2*h = 5*g - 222. What is the tens digit of g?
4
Let w(g) = -92*g + 217. What is the tens digit of w(-11)?
2
Let q(a) = a**2 + 4*a - 18. Let j be q(-7). Suppose 0*v + 3*k + 198 = j*v, -k + 186 = 3*v. What is the tens digit of v?
6
Let o(f) = 518*f + 13. What is the hundreds digit of o(1)?
5
Suppose 4*v = 2*w + 18, -v - 2*w = -0*w - 7. Suppose -4*o + 170 = 3*a, 0*o - 255 = -v*a - o. Let d = a - 27. What is the units digit of d?
3
Let v = -6 + 8. Let w(t) = t. Let i be w(v). Suppose 0 = -i*b + 3*b - 10. What is the tens digit of b?
1
Suppose -4*z + 3*q = -2785, 3*z - 1161 = 2*q + 927. What is the hundreds digit of z?
6
What is the units digit of 6 + (2/3 - (-37620)/27)?
0
Suppose 6*s - 5*s - 5 = 0, 5*r - 5*s - 610 = 0. What is the units digit of r?
7
Suppose -3*p + 2*p - 1460 = -5*t, 4*p = -2*t + 584. Let b = t + -170. What is the hundreds digit of b?
1
Let y be 1 + -80 - (-1)/1. Let v(w) = -w**2 + 22*w - 1. Let g be v(12). Let i = g + y. What is the tens digit of i?
4
Suppose 0 = 4*j - 0*j. Suppose 0 = -4*s, -2*a - a + 5*s + 252 = j. What is the tens digit of a?
8
Let v = 1261 + -201. What is the hundreds digit of v?
0
Let y(l) = 3*l**2 - 1. Let o be y(-1). Suppose o*z = 3*z + 106. What is the units digit of z/(-4) + 2/(-4)?
6
Let x(i) = 2*i**2 - 18*i + 206. What is the tens digit of x(14)?
4
Let s be 2/(-8) - 183/(-12). Suppose -4*c + 5*c = s. Let k = c - 12. What is the units digit of k?
3
Suppose -2*c = -3*p - 2173, 0 = 7*c - 6*c - 2*p - 1089. What is the hundreds digit of c?
0
Let t(b) = 12*b**3 - 5*b**2 + b + 2. Let d(m) = -m**3 + 2*m**2 + 5*m - 4. Let l be d(3). What is the tens digit of t(l)?
8
Suppose 263*x - 250*x - 16809 = 0. What is the tens digit of x?
9
Let b(a) = -a**2 + 7*a - 8. Let h be (-76)/(-18) + 2/(-9). Let n be b(h). Suppose n*r - 2*r = 68. What is the tens digit of r?
3
Suppose -2 - 13 = 5*s. Let p be -2 + 17 + s/(-3). Suppose 3*v - 48 = -r, -v + 0*r + p = 2*r. What is the tens digit of v?
1
Let g(r) = -3*r + 4. Let q be g(0). Let y(c) = c**3 - 4*c + 4. What is the units digi